or of b and 635.
127
Let a(g) = 4*g + 7. Let x = 689 + -677. Let c be a(x). Suppose 2*v + 0*v - 27 = -3*m, -m - 3*v + 2 = 0. What is the greatest common divisor of m and c?
11
Let u be (484/(-15))/(552/(-4140)). Calculate the highest common divisor of u and 1166.
22
Let v(s) = -2 + 30*s - 16*s**2 - 60*s + 30*s. Let f be v(2). Let l = f + 90. What is the highest common divisor of 36 and l?
12
Suppose -3*c - 2*c = f - 95, -20 = 4*f. Let z = -19 + c. Calculate the highest common factor of 8 and z.
1
Let o = -184 + 416. Let l be (-15)/18 + (-8472)/(-144). Calculate the highest common factor of o and l.
58
Suppose -a = 3*x - 1106, -4*x + 2*a - 3*a + 1476 = 0. Suppose 192*y - 13246 = 76*y - 63*y. What is the greatest common divisor of x and y?
74
Suppose 0 = -920*v + 908*v + 1140. Calculate the greatest common divisor of v and 12977.
19
Let j = -178 - -294. Suppose -108 = -m + j. What is the greatest common divisor of m and 32?
32
Suppose -29*a - 303 + 738 = 0. Calculate the greatest common divisor of 33 and a.
3
Let t = 3310 + -3110. Calculate the highest common factor of 32 and t.
8
Let b = 590 - -410. Suppose 52*j - 47*j - b = 0. Calculate the greatest common divisor of j and 40.
40
Let u be -7 - -1 - (30 + -42). What is the greatest common factor of u and 16?
2
Suppose -14*z + 16*z = -4*a + 106, 2*z - 80 = -3*a. Calculate the greatest common divisor of a and 11167.
13
Let g = -38 - -31. Let t = 42 - g. Suppose -4*i = -2*o - 18, 4*i - 6*i + 29 = 3*o. Calculate the greatest common factor of t and i.
7
Suppose 65 - 15 = 2*f - 2*p, 0 = -4*f + 5*p + 98. Suppose b = -5*r + 94, 3*b = 4*r - b - 56. What is the highest common divisor of r and f?
9
Let p(g) = 2*g**2 - 1. Let j(y) = 20*y**2 + 83*y - 12. Let n(t) = -j(t) + 4*p(t). Let m be n(-7). Calculate the greatest common divisor of 13 and m.
1
Suppose 3*o - 35775 = -4*a, 2*a + o = -4*o + 17905. Calculate the greatest common factor of 60 and a.
60
Suppose 3*i - 50 = 31. Suppose 20 = 10*m + 160. Let d(o) = o**3 + 16*o**2 + 27*o + 13. Let h be d(m). What is the greatest common divisor of i and h?
27
Let m(c) = -42*c - 60. Let g be m(-2). Suppose -g*h + 25*h = 284. Calculate the greatest common factor of 4 and h.
4
Suppose -73 - 60 = -7*x. Suppose -6 = 17*f - x*f. Suppose 0 = -f*o - 0*o + 99. Calculate the greatest common divisor of 363 and o.
33
Let r = 8655 + -8620. What is the greatest common factor of r and 1701?
7
Let f(i) = 12579*i**3 + 16*i**2 - 7*i - 8. Let t be f(1). What is the greatest common factor of t and 68?
68
Suppose -17*s + 9520 = 119*s. Let p(m) = 1 + 7*m + 6*m**3 - 7*m. Let h be p(1). What is the highest common factor of h and s?
7
Let z(o) = -10 + 21 + 2 - 2*o. Let d be z(0). Suppose -2*h + 145 = 41. What is the highest common factor of h and d?
13
Let p = 468 + 61. Calculate the greatest common factor of 46 and p.
23
Let k be (-4)/(12/15) + 10/90*1179. What is the highest common divisor of 7875 and k?
63
Suppose 45 = 2*i + 5*g - 25, 3*g = 0. Let j be ((-56)/5)/((-35)/1750). Calculate the greatest common divisor of j and i.
35
Let u(g) be the second derivative of g**4/12 - 7*g**3/6 - 15*g. Let o be u(7). Suppose o = -3*r + 2 + 19. What is the greatest common divisor of r and 49?
7
Suppose 5*z = 39 - 24. Let a be ((-18)/(-36))/(z/30). Calculate the highest common factor of a and 15.
5
Suppose -4*b + 121 = -z, z - 72 = -3*b - 2*z. Let g(v) = v**2 - v + 2. Let c be g(-1). Suppose c*t - 480 = 100. What is the greatest common factor of b and t?
29
Let y(f) = -2*f**2 - 21*f + 280. Let p be y(-18). Calculate the greatest common factor of 2110 and p.
10
Let p be 2*(3 + (-14)/(-4)). Let b(t) = t**2 - 19*t + 14. Let h be b(20). Let l = -21 + h. What is the highest common divisor of p and l?
13
Let g(a) = a + 180. Let y be g(0). Let m(r) = -6*r + 112. Let j be m(14). Let q be -20*6/j*(-84)/18. Calculate the highest common factor of y and q.
20
Suppose 2*l - 366 = -a - l, l = -5*a + 1886. Suppose -21*f + a = -12*f. Let q be 63/f*(2 - 20/(-3)). What is the greatest common factor of 117 and q?
13
Suppose -145 = -5*i - 3*w - 2*w, 4*i + 2*w - 118 = 0. Calculate the highest common divisor of 24 and i.
6
Let u be (-62)/(-10)*-28*(1 + 14/(-4)). Let m = 61 + -19. What is the highest common divisor of m and u?
14
Let r be 18/12 + 31/2. Let q = -10 + r. Suppose -29*l = -26*l - 6. What is the highest common divisor of q and l?
1
Let a be 2/30*3 - 338/(-10). Suppose -a = -6*l + 2. Suppose 92 + 4 = l*b. What is the highest common divisor of 40 and b?
8
Suppose -27 = -4*x - 5*w - 9, -x + w = 0. Suppose 0 = -4*f - t + 75, -2*f + x*t + 42 = 4*t. Calculate the greatest common divisor of 450 and f.
18
Let q be 10/(50/15) + -1 + 145. Suppose 4*c - 3*f - 73 = 2*c, 3*c = -3*f + q. What is the greatest common divisor of 4 and c?
4
Let v be ((-75)/(-50))/((-2)/(-4)). Suppose 4*d + 0*d + v*b = 235, -3*b = -d + 40. Suppose s + d = 319. What is the highest common divisor of s and 24?
24
Suppose 43*m - 5075 - 8900 = 0. Let w = -57 - -122. Calculate the highest common divisor of m and w.
65
Let t(i) = -i**2 + 21*i - 3. Let d = -168 + 91. Let f = 95 + d. Let q be t(f). What is the greatest common divisor of 17 and q?
17
Let j = -1292 + 1348. Calculate the greatest common divisor of j and 5768.
56
Suppose 18*y - 3 = -3. Suppose y = 7*w - 65 + 44. What is the greatest common factor of 48 and w?
3
Suppose -g = -2*j - j - 11, 3*g + j = 3. Suppose -z + 20 = -2*m - g*m, m - 1 = 0. Suppose -5*f - z = -9*f. What is the greatest common factor of f and 54?
6
Let z(w) = -w**3 - 50*w**2 - 230*w + 79. Let g be z(-45). What is the highest common divisor of 2356 and g?
76
Suppose 168*j + 133 = 171*j + 4*g, 4*j - 199 = -g. Let u(c) = -c**2 - 11*c + 4. Let m be u(-5). Calculate the greatest common factor of m and j.
17
Let j(s) = 9*s**2 - 397*s - 1196. Let n be j(-3). Calculate the highest common factor of n and 5149.
19
Let u = 63 - 76. Let j(w) = w**2 + 8*w + 10. Let x be j(u). What is the highest common divisor of 175 and x?
25
Let k be 2/11 + (13696/(-88))/(-2). Calculate the highest common factor of k and 650.
26
Let z = -5643 - -5689. Calculate the highest common divisor of 4738 and z.
46
Suppose -2*m - 660 + 64 = -3*r, -m = -2. Let u(q) = 33*q**2 + 810*q + 592. Let a be u(-24). What is the highest common factor of a and r?
40
Suppose 5*v - 3445 = -4*y, -y + 673 = 2*v - 702. Let x = -667 + v. Calculate the highest common factor of x and 36.
18
Let z(j) = 5*j + 5. Let f be z(6). Let u be (3*-1)/(7895/790 - 10). Suppose 0 = -5*c - 124 + u. Calculate the greatest common divisor of c and f.
35
Suppose 33*d + 15*d = 4032. What is the greatest common divisor of d and 2604?
84
Let f = -515 + 550. Calculate the highest common factor of f and 1505.
35
Let v = 332 + -89. Let g = 245 - v. Calculate the highest common factor of g and 60.
2
Let v = -1620 - -1680. Calculate the greatest common divisor of 5730 and v.
30
Let k(o) = -73*o - 73*o - 3 - 3*o**2 - 61*o**3 + 144*o. Let p be k(-2). What is the greatest common factor of p and 53?
53
Let o = 12859 - 12669. What is the highest common factor of 779 and o?
19
Let c = 2 + -1. Let h(z) = 19*z**2 + 1. Let q be h(c). Suppose -10*s + 4*s + 120 = 0. What is the greatest common factor of q and s?
20
Let d = -16897 - -17339. What is the highest common factor of 272 and d?
34
Let u(x) = -x**3 - 4*x**2 + 3*x + 1. Let o be u(-5). Suppose 0 = -8*y + 2970 - 9578. Let p = y + 903. Calculate the highest common divisor of p and o.
11
Let p(k) = k**3 + 15*k**2 + 7*k - 6. Let d(u) = -7*u**2 - 2*u + 3. Let j(b) = 5*d(b) + 2*p(b). Let y be j(4). Calculate the greatest common factor of 603 and y.
67
Let a be -36*2*(-1464)/64. What is the highest common divisor of a and 81?
27
Let y(r) = 2*r - 1. Let b be y(3). Suppose 0 = q - b*j + 6, 3*j = 4*q + 2 + 56. Let t be 9*((-2)/1 - q). What is the highest common divisor of 14 and t?
14
Let c be (-6)/33 - (-13220)/110. Let y be 27*(0 + 1) - 2. Suppose -y = 3*o - 145. What is the greatest common divisor of c and o?
40
Let r be (-3)/(-6) + (-126)/(-4). Suppose -p - f = -67 - 103, 5*p - 854 = -4*f. Let a = p - 142. Calculate the highest common divisor of a and r.
32
Suppose 124 = 9*y - 560. Let p be (10 - y/16)/((-3)/(-20)). Calculate the greatest common factor of p and 14.